2*i - 156741. List the prime factors of i.
3947
Let f(x) = -5*x**3 + 2*x**3 + 11 - 4 - 9*x**2 + 2*x**3. Let p be f(-9). Let z(w) = -w**2 + 10*w + 3. What are the prime factors of z(p)?
2, 3
Let s = 13 + 125. Let v = -95 + s. List the prime factors of v.
43
Let j = -3 - -5. Let k(v) be the second derivative of v**5/20 + v**4/12 - v**3/6 + 3*v**2/2 + 10*v. What are the prime factors of k(j)?
13
Let b = 25 - 8. Suppose -y + b + 0 = 3*r, 2*r + 2 = 2*y. List the prime factors of (4 - 20/r)*-7.
7
Suppose -8*b + 1430 = -2450. List the prime factors of b.
5, 97
Let o be (-1)/4 - 151/4. Let p be (3/(-6))/(2/100). Let h = p - o. List the prime factors of h.
13
Suppose 4 = u + 5*k - 404, -5*u - 2*k = -2155. Let f = -179 + u. What are the prime factors of f?
2, 127
Let i(k) = -k**3 - 11*k**2 - 2*k + 9. Let l be i(-11). Suppose -2*r + 93 = l. What are the prime factors of r?
31
Suppose -8*h + 36 = -4*h. Let d be -7 + h + 0/2. Suppose 3*i = q - 6, d*i - 3 = -1. What are the prime factors of q?
3
Let q = 16 - 10. Suppose -q*n = -n - 660. Suppose 4*h = 4*y - n, 8*h = -4*y + 3*h + 150. List the prime factors of y.
5, 7
Let o(x) = -7*x**2 - 26*x - 35. Let u(t) = 6*t**2 + 27*t + 36. Let m(c) = 4*o(c) + 5*u(c). List the prime factors of m(-18).
2, 5, 13
Let n(r) = -2*r + 23. Let o be n(0). Let z = o + 29. List the prime factors of 1157/z + 2/(-8).
2, 11
Let f be 3/2 + (-18)/(-12). Let l(x) = x**f + 7*x**2 + 3*x**3 - 2 - 10*x - 3*x**3. List the prime factors of l(-8).
2, 7
Suppose 49*w + 35038 = 108146. List the prime factors of w.
2, 373
Suppose -166 = -5*n - 4*x, 5*n + 3*x + 5 - 167 = 0. Suppose -2*u + 2*t + n = 0, 0 = 2*u + 3*u - 2*t - 84. List the prime factors of u.
2, 3
Suppose u - 1694 = -4*c, 12*u = 10*u - 5*c + 3403. What are the prime factors of u?
2, 857
Let w = 77 - -1382. List the prime factors of w.
1459
What are the prime factors of -83*((-2)/(-6) - (-133)/(-57))?
2, 83
Let q = 0 - -10. Let h be (0 - 3) + q + -2. Let i(p) = p**2 - 3*p. What are the prime factors of i(h)?
2, 5
Let w be (-4 + 0 + 3)*-1. What are the prime factors of (10/5 + 93)/w?
5, 19
Let m = 37 + 9. Let f be 0 - ((-2)/(-2) + -4). Suppose f*d - m = 32. What are the prime factors of d?
2, 13
Suppose -12*d + 17*d - 394 = a, -4*d - 3*a = -300. What are the prime factors of d?
2, 3, 13
Suppose 47*g - 39*g = 16. Let v be 0/(0 + -1*2). Suppose -g*q + 4*l + 38 = 0, v = 3*q - q - 2*l - 28. What are the prime factors of q?
3
Let l(y) = y**3 + 2*y**2 - 6 + 6*y**2 + 3*y + 2. Suppose 8 + 20 = -4*f. What are the prime factors of l(f)?
2, 3
Suppose 5*y + 45*s - 42*s - 6941 = 0, -y + s + 1393 = 0. List the prime factors of y.
2, 5, 139
Suppose -38*n + 51428 = 8*n. List the prime factors of n.
2, 13, 43
Let f be (2 - (2 - -2)) + 16. Let p(t) = t**3 - 2 + 91*t - 59*t - 13*t**2 - 45*t. List the prime factors of p(f).
2, 3
Let u(n) = 5*n + n - 4*n - 2 + 2*n**2 - n**2 + 51*n**3. List the prime factors of u(1).
2, 13
Let u be 11*(34 + 0) - -5. Let b = 366 + -252. Suppose 5*n + b = u. What are the prime factors of n?
53
Suppose 2*l = -3*l - 10. Let q be 3/(-2) + 39/l. What are the prime factors of ((-36)/(-27))/((-1)/q)?
2, 7
Let d(g) = -23*g**3 - g**2 + 6*g + 7. List the prime factors of d(-1).
23
Let t(w) = w**2 + 5*w + 4. Let q be t(-4). Suppose 3*x + 31 - 142 = q. What are the prime factors of x?
37
Suppose 50*z = 36*z + 2786. What are the prime factors of z?
199
Let b(j) = -3*j + 33. Let a be b(11). Suppose a*d - 4*q + 32 = 2*d, 0 = 4*d + 4*q - 44. Let i = d + 18. What are the prime factors of i?
2, 3
Let a(f) = f**2 + 4*f - 4. Let s be a(-5). Let m(i) = 11*i - 1. Let r be m(s). Let u = r - 7. List the prime factors of u.
3
Let k = -1 + -8. Let p(u) = -5*u - 7. List the prime factors of p(k).
2, 19
Let p(m) = 9*m - 11. Let c be p(4). List the prime factors of 4/(2 + (-48)/c).
2, 5
Let m be (3/(-6))/(1/12). Let h(t) = -t**3 - 5*t**2 - 7. What are the prime factors of h(m)?
29
What are the prime factors of (-1*1)/((-107)/299707)?
2801
List the prime factors of (15/30)/((-2)/(-794))*2.
397
Let o(z) = z**3 + 7*z**2 - 6*z + 12. Let c be o(-8). Let w(g) = -5*g**3 - 8*g**2 + g + 7. List the prime factors of w(c).
3, 5, 13
Let s(c) = -162*c - 343. What are the prime factors of s(-10)?
1277
Let f(c) = 11*c + 10. Let b(d) = 10*d + 11. Let q(x) = -4*b(x) + 5*f(x). What are the prime factors of q(3)?
3, 17
Let u be (6/(-9))/(2/(-6)). Let y be ((-3)/6)/(u/(-12)). Suppose 0 = -3*r - y + 12. What are the prime factors of r?
3
Suppose -2*o + 3 - 5 = 0. Let z be (o/(-2))/(5/20). Suppose z*w = 21 + 9. What are the prime factors of w?
3, 5
Suppose 5*u + 314 = 7*u + m, m - 628 = -4*u. List the prime factors of u.
157
Let h(k) = 3*k + 8. Let a(p) = -4*p - 9. Let x(q) = -2*a(q) - 3*h(q). Let n be x(0). What are the prime factors of (-2)/n - 352/(-33)?
11
Let t be (-2)/1*5/(20/(-8)). Let l(c) = c - 1. Let p be l(4). Suppose -176 = -k - p*k - 2*r, t*k = 2*r + 176. What are the prime factors of k?
2, 11
Suppose 0 = 4*b - 3*b + 126. Let v = 216 + b. What are the prime factors of v?
2, 3, 5
Suppose -92*f + 94*f = -2. What are the prime factors of (f/(-5)*2)/((-2)/(-40))?
2
Let z(g) = -2*g**3 - 62*g**2 + 46*g + 66. What are the prime factors of z(-32)?
2, 3, 107
Suppose 2*k + 3*w + 0*w + 1 = 0, 2 = -k - 3*w. What are the prime factors of ((-22)/6 + k)/(20/(-630))?
2, 3, 7
Let w(j) = -j**3 + 8*j**2 - 6*j - 3. Let u be w(6). Let n = 18 + u. List the prime factors of n.
3, 17
Suppose 15*q - 11*q - 4*s - 5508 = 0, -s = 3*q - 4127. What are the prime factors of q?
2, 43
Suppose -12 = 5*j - 27. List the prime factors of 109*j/(-15)*-5.
109
Let w(d) = 10*d + 12. Let z be (-1)/((21/14)/(-6 + 0)). What are the prime factors of w(z)?
2, 13
List the prime factors of (-3 - (0 + -5464)) + 2.
3, 607
Suppose 0 = 6*m + m - 2135. Suppose 21*i = 26*i - m. List the prime factors of i.
61
Suppose 16*w = 18*w - 10. Let k be 39 - w/(-5)*-4. Let c = k - -25. What are the prime factors of c?
2, 3, 5
Suppose 0 = -6*w + w + 130. Suppose 0 = v + q + q - 2, -4*v + w = -q. Suppose v*f = -5 + 311. What are the prime factors of f?
3, 17
Suppose 197 = -3*k + 5*z, -z = k - 3*z + 66. List the prime factors of k/(1 - (-3 + 5)).
2
Suppose 31 = 4*v - 3*n, -2*v - v + n = -17. Let w(g) = -7*g - 11*g**2 + 15*g**3 - 16*g**3 - v*g + 13. List the prime factors of w(-10).
23
Let f(g) be the first derivative of -10*g**2 + 15*g + 37. What are the prime factors of f(-5)?
5, 23
Let f(j) = -11*j + 13. Let v be f(1). Suppose v*u = 8*u - 684. List the prime factors of u.
2, 3, 19
Suppose -3*o + 3*l = -21, -3*o - 3*l = l - 14. Suppose -4*v - o + 122 = 0. List the prime factors of v.
29
Let t(l) = -2*l + 10. Let a be t(5). Suppose -5*w + 5*d + 130 = a, -3*w - 3*d = -2*d - 86. Suppose 0 = 3*s - 7*s + w. List the prime factors of s.
7
Suppose 4*j = 2*j - 8. What are the prime factors of 164 + (j - 0/4)?
2, 5
Let b = 821 + -419. What are the prime factors of b?
2, 3, 67
Let m(s) = 2*s**3 + 0*s**3 + s**2 - s + s**3 + 12*s**3. List the prime factors of m(1).
3, 5
Let s(r) = 2*r**3 + 2*r**2 - 1. Let v(q) = -q**2 + 9*q - 7. Let t be v(8). Let f be s(t). Suppose -12 = -f*p - 3. List the prime factors of p.
3
Let p = 1514 + -550. List the prime factors of p.
2, 241
Suppose 4*r + 143 = 3*p, -8*p = -r - 3*p - 40. Suppose 298 - 1 = 3*n. Let i = r + n. What are the prime factors of i?
2
Suppose 53*q + 18093 = 135382. List the prime factors of q.
2213
Let r(y) = -y**2 + 6*y - 2. Let u = 24 + -16. Suppose -3*p + 7 = -u. What are the prime factors of r(p)?
3
Let q be -4 + -142*2/4. Let f be (-184)/(-30) + 10/q. Let j(b) = -b**3 + 7*b**2 + 4*b - 10. List the prime factors of j(f).
2, 5
Suppose 7*l - 2*h - 1396 = 6*l, -h = -l + 1391. What are the prime factors of l?
2, 3, 7, 11
Suppose 12 = 6*k - 6. Let j(y) = y + 2*y - 5*y + 2 + y**2. What are the prime factors of j(k)?
5
Let h = -40 + 168. Let d = h - 24. What are the prime factors of d?
2, 13
Let m(r) = -2*r**3 + 20*r**2 + 6*r + 19. Let j be m(10). Suppose -3*n = -20 - j. What are the prime factors of n?
3, 11
Suppose 21 = -9*l + 30. List the prime factors of (l - -14)/(3 - (-20)/(-7)).
3, 5, 7
Suppose 4*m - 3*j - j = 14808, 3*j - 7429 = -2*m. List the prime factors of m.
11, 337
Let c(s) = 115*s + 54. List the prime factors of c(7).
859
